 2*h - 37 = x + 59, 4*h - 192 = -3*x. Suppose -t - h = -5*t. What is the tens digit of t?
1
Suppose -4*u + 10 = u. Suppose 0 = -2*f + 2*m + 8, 0 = -0*f + 4*f + u*m - 22. What is the units digit of f?
5
Suppose -2 = -k, 2*k - 81 = 5*n - k. Let x = -8 - n. Let v(g) = g**3 - 7*g**2 + 6. What is the units digit of v(x)?
6
Suppose 0*n + 46 = 2*n. Let b = n + 14. What is the tens digit of b?
3
Let d = -11 - -15. Suppose -n + 0*n - 11 = 0. Let h = d - n. What is the tens digit of h?
1
Suppose 5*k - 9 = 6. Suppose 9 = -0*g + g - 2*b, -k*g + 7 = 4*b. Suppose d + g*o = -4*d + 20, 0 = 2*d + o - 8. What is the units digit of d?
4
Let s(w) = 6*w + 2. Let y(b) = b - 5. Let m be y(10). Let p be s(m). Suppose 0 = -5*z + p + 3. What is the units digit of z?
7
Let w be 2/3 - (-4)/(-6). Suppose -3*y - 2*h = -4*h - 76, w = -3*y - 4*h + 46. Suppose -y = -2*d + 5*r, -2*d - r = -2*r - 6. What is the units digit of d?
1
Let i(k) = 2*k**3 + k**2 - 3*k - 2. Let p be i(-2). Let z = p + 15. What is the units digit of z?
7
Let v(f) = -f**2 - 6*f + 4. Suppose 0 = -3*a + 8 + 1. Suppose -12 = 2*h + 2*h - 4*d, 16 = -2*h - a*d. What is the units digit of v(h)?
9
Suppose -18 - 33 = -3*p. Suppose -51 - p = -4*d. What is the tens digit of d?
1
Let s(z) = -6*z**3 - z**2 + 3*z + 2. What is the tens digit of s(-2)?
4
Let a(l) = -2*l - 2. Let b = -14 - -7. What is the units digit of a(b)?
2
Let f(s) = s**3 + 8*s**2 + 3*s. Let g be f(-8). What is the tens digit of (3 + -2 - 3)*g?
4
Let q = 21 + -9. What is the units digit of (-1 + q/8)*12?
6
Suppose -127 = -7*l + 188. What is the tens digit of l?
4
Let j = -1 - -2. What is the units digit of j?
1
What is the units digit of (0 - (2 + -4)) + 174?
6
Suppose 6*z + 1 = 55. What is the units digit of z?
9
Let i(p) = p**3 - 11*p**2 + 11*p - 3. Let z be 1452/143 - (-2)/(-13). What is the units digit of i(z)?
7
Let o = -6 - -12. Suppose 4 = -2*g - o, -4*d + 27 = -3*g. What is the units digit of d?
3
Let p = -79 + 91. What is the units digit of p?
2
Let p(s) = s**3 + 6*s**2 - s + 1. What is the units digit of p(-6)?
7
Suppose v + 0*v - 5 = 0. Suppose v*m - 90 = 95. What is the units digit of m?
7
Suppose -17 - 7 = 4*z. What is the units digit of (-3)/6 + (-147)/z?
4
What is the hundreds digit of (102/(-6))/(-1 + 12/14)?
1
Let d(v) = 1 + v**3 + 20*v - 20*v + 4*v**2 + v**2. What is the units digit of d(-5)?
1
Suppose 0 = -4*u - 4*g + 68, 5*u + 5*g - 22 = 3*u. What is the units digit of u?
1
Suppose -3*i + 4 = -5*i. Let m(z) = 6*z**2 - 2. Let k be m(i). Let y = -2 + k. What is the tens digit of y?
2
Suppose 4*z - 260 = -z. Suppose c + 5*g - 15 = 0, 0 = 2*c - 0*g - g - z. What is the units digit of c?
5
Suppose -a - 7 = 3*d, 0*d - 33 = -5*a + 2*d. What is the units digit of a?
5
Let c = 0 - 6. Let z(f) = f + 1. Let q be z(c). Let n(v) = v**2 + 4*v - 4. What is the units digit of n(q)?
1
Let r be 14/(-3) + 16/24. Let j be (2 + 1 + r)*0. What is the units digit of (-6 - j)/(9/(-6))?
4
Let d = 10 - 7. Suppose d*n = -67 - 5. Let x = -14 - n. What is the tens digit of x?
1
Let b(o) = o**2 - 6*o - 11. What is the tens digit of b(9)?
1
Let v = 7 + -11. What is the units digit of 2/8 + (-155)/v?
9
Let o be 9*(4/3 + -2). Let u(h) = 5*h**2 - 7*h - 2. Let w(t) = -t**2 + t. Let i(p) = o*w(p) - u(p). What is the units digit of i(-3)?
8
Let b(o) = 11*o + 1. Let w be b(-7). Let t = -52 - w. What is the units digit of t?
4
Let s(x) = 4*x - 2. Let w be s(4). Suppose -6 = -2*z + w. Suppose u = 2*v + z, -u - 3*u - 2*v = -40. What is the units digit of u?
0
Suppose -u = 2 + 3, -2*u = -c + 13. Let d(y) = y - 8. Let m be d(8). Suppose -c*q + 2*q + 6 = m. What is the units digit of q?
6
Suppose -j + 27 = r + 2*j, -5*j = -2*r + 54. What is the tens digit of r?
2
Let i = 150 + -97. Let g = -32 + i. Suppose 0 = j + 2*j - g. What is the units digit of j?
7
Let l = -10 + 11. Let c = 18 - l. What is the tens digit of c?
1
Suppose 4*j - 6 - 6 = 0. Suppose j*a = -6 + 21. What is the units digit of a?
5
Let w(o) = 5*o**3 - 2*o**3 + 6*o**2 - 3*o - 4*o**3 + 10. What is the units digit of w(5)?
0
Let x(v) = -2*v - 5. Let i be x(-7). Let s = i - 6. What is the units digit of s?
3
Let n be 4/4 - 3 - -22. Suppose -2*b + 38 = 2*g, 4*b - n - 68 = -g. What is the tens digit of b?
2
Let f be 1 + (2 - 2) + 1. Let y = 10 - f. What is the units digit of y?
8
Let t(x) = -x**3 - 3*x**2 + 2*x. Let q(r) = r**2 + 3*r - 2. Let g be q(-4). Let a be -6*((-8)/(-3) - g). What is the units digit of t(a)?
8
Suppose -6*d + 2*d + 32 = 0. Let f = 14 - d. What is the units digit of 2/f - (-52)/6?
9
Suppose k + 5*c = -2*k + 132, 3*c = -k + 48. Suppose 2*d + 2*d - k = -3*n, 3*d = 9. What is the units digit of n?
9
Let d = 8 - 6. Let f = 5 + d. What is the units digit of f?
7
Suppose 3*r - 8 - 52 = 0. Let h = 4 - 18. Let d = h + r. What is the units digit of d?
6
Let s = -2 + 4. Let q = 1 + s. What is the units digit of q?
3
Suppose -5*y - 2 = -102. Suppose -2*s + 4 = 2*a - 18, 5*a = -y. What is the units digit of s?
5
What is the units digit of (-7)/((-14)/(-3))*-26?
9
Suppose -5*z + 185 = 35. What is the tens digit of z?
3
Let p(a) be the third derivative of a**6/120 + 2*a**5/15 + a**4/8 + a**3 - 3*a**2. What is the units digit of p(-7)?
4
Let i be (45/(-2))/(5/10). Let d = -27 - i. What is the tens digit of d?
1
Let g = -1 + 3. Suppose -2*p - 36 = g*p. Let z = p - -21. What is the tens digit of z?
1
Suppose 3*k - 3*d = 279, 0*d = -2*k + 4*d + 194. What is the tens digit of k?
8
Let s = 13 - 7. Suppose -s*f + f = -70. What is the tens digit of f?
1
Let x be 224/(-10) - (-10)/25. Let m = x + 32. What is the units digit of m?
0
Suppose -3555 = -2*w - 13*w. What is the tens digit of w?
3
Let f(y) = -y + 3. Suppose 13 - 34 = 5*x + 2*g, 2*x = -3*g - 4. Let v = 0 + x. What is the units digit of f(v)?
8
Suppose -2*u + 0*u = -40. Suppose 3*o + u = 83. Let j = 30 - o. What is the units digit of j?
9
Suppose -2*x + 4*x = 20. Let h = x - 3. What is the units digit of h?
7
Suppose 3*a + 404 = 5*d, -6*d + 4*a = -d - 407. What is the tens digit of d?
7
Let q(i) = -3 + i + 6*i - 2*i - 2. What is the units digit of q(5)?
0
Let n(t) = -3*t**2 + 4*t + 11. Let c(d) = -2*d**2 + 4*d + 10. Let w(j) = 4*c(j) - 3*n(j). What is the tens digit of w(-5)?
1
Let z be ((-16)/(-10))/(12/30). Suppose -z*o + 15 = 3*h, -2*o - 2*o - 2*h = -18. What is the units digit of o?
6
Suppose 0 = -17*v + 13*v + 224. What is the tens digit of v?
5
Let i = -26 - -16. What is the units digit of (-4)/i - 618/(-30)?
1
What is the units digit of (4 + 13)*(-5)/((-15)/18)?
2
Suppose -3*r + 6 = -42. Suppose -5*o = -3*o - r. What is the units digit of o?
8
Let h = -1 - -15. Suppose -36 = -5*c + h. What is the units digit of c?
0
Let z(b) = -b**2 - 2*b + 3. Let l(d) = d - 2. Let n be l(-3). Let v be z(n). What is the tens digit of (-21)/(-2)*v/(-9)?
1
Let s = -33 + 192. What is the tens digit of s?
5
Let l be 14/6 + 1/(-3). Let p(f) = -1 + 5*f - 6*f - l. What is the units digit of p(-9)?
6
Suppose -3 - 5 = -2*w. Let j be (4 + 0)*(-2)/w. What is the units digit of 2 - -5*(-4)/j?
2
Let t(f) = -2*f**3 - 4*f**2 - 1. Let w be t(-3). Suppose -6*a - 8 + 26 = 0. What is the units digit of w - (6/a + 1)?
4
Let s = -19 + 31. What is the tens digit of s?
1
Let z = 67 - 46. What is the units digit of z?
1
Suppose y = 3*y - 76. Suppose y = 2*v - a, -4*a = -4*v + 56 + 20. What is the units digit of v?
9
Suppose 4*y + y + 5 = 0. Let b = 7 + y. What is the units digit of 44/3 + b/18?
5
Let s be (-412)/6 + 22/33. Let h = s - -96. Suppose -a = 5*f + 16, 0 = 5*a - 2*f - h. What is the units digit of a?
4
Let b = 6 - 4. What is the tens digit of (b - 0) + 16*1?
1
Suppose -3*a + 3 = 0, -4*b + b = 3*a - 498. What is the tens digit of b?
6
What is the units digit of (-2)/(-1) + -3 + (4 - -138)?
1
Suppose 2*u = 39 + 37. What is the tens digit of u?
3
Suppose l - 10 = t, -2*l - l - 30 = 2*t. Let d = t + 18. Suppose -2*k - k + d = u, 5*u + k = 86. What is the tens digit of u?
1
Suppose 5*c = -4*r + 21, -2*r + 17 = 4*c + r. Suppose 0 = 2*h + 4*z - 7*z - 51, c*h - 105 = 3*z. Suppose q + h = 3*q. What is the units digit of q?
9
Let k = 2 + -1. Let v = -1 + k. Suppose v = 2*p - f - 9, 24 = 5*p - 4*f + 2*f. What is the units digit of p?
6
Let v = 2 + -5. Let u be ((-3 - v)/1)/1. Suppose u 